undred millions digit of 112273469?
1
What is the units digit of 1052332248?
8
What is the thousands digit of 218116526?
6
What is the hundred thousands digit of 262670801?
6
What is the hundred millions digit of 2086131012?
0
What is the millions digit of 2141816328?
1
What is the hundreds digit of 230980985?
9
What is the hundreds digit of 1909058398?
3
What is the hundred millions digit of 587839419?
5
What is the hundred thousands digit of 1836321928?
3
What is the ten thousands digit of 195562834?
6
What is the ten millions digit of 535897319?
3
What is the ten thousands digit of 54087468?
8
What is the tens digit of 980298244?
4
What is the ten thousands digit of 38181714?
8
What is the tens digit of 4228872371?
7
What is the hundred thousands digit of 264785241?
7
What is the hundreds digit of 753414729?
7
What is the tens digit of 30521398?
9
What is the ten millions digit of 154164342?
5
What is the thousands digit of 681236843?
6
What is the millions digit of 3672035933?
2
What is the hundreds digit of 57105720?
7
What is the hundred millions digit of 343076568?
3
What is the hundreds digit of 359683486?
4
What is the thousands digit of 7164251?
4
What is the tens digit of 174872520?
2
What is the ten thousands digit of 526660734?
6
What is the thousands digit of 1153065114?
5
What is the hundred thousands digit of 43122608?
1
What is the units digit of 2190662329?
9
What is the billions digit of 1610203624?
1
What is the hundreds digit of 22632160?
1
What is the ten millions digit of 43894475?
4
What is the hundred millions digit of 231958432?
2
What is the thousands digit of 5115806?
5
What is the ten millions digit of 751030015?
5
What is the thousands digit of 751459965?
9
What is the hundreds digit of 58475603?
6
What is the ten thousands digit of 755840459?
4
What is the ten thousands digit of 8865425?
6
What is the hundreds digit of 658843597?
5
What is the tens digit of 433882355?
5
What is the units digit of 121852197?
7
What is the thousands digit of 302063546?
3
What is the ten thousands digit of 304693935?
9
What is the hundred thousands digit of 650097957?
0
What is the ten thousands digit of 452384131?
8
What is the hundreds digit of 116758454?
4
What is the tens digit of 160181884?
8
What is the units digit of 48982938?
8
What is the thousands digit of 155155907?
5
What is the ten thousands digit of 37967005?
6
What is the units digit of 33151668?
8
What is the units digit of 17853349?
9
What is the ten thousands digit of 67733376?
3
What is the hundred millions digit of 3116352514?
1
What is the ten millions digit of 193300859?
9
What is the hundred millions digit of 138427342?
1
What is the ten thousands digit of 52792384?
9
What is the hundred thousands digit of 1393411857?
4
What is the units digit of 120351957?
7
What is the units digit of 59810162?
2
What is the tens digit of 129249968?
6
What is the ten millions digit of 141368938?
4
What is the billions digit of 1843441028?
1
What is the ten thousands digit of 206521721?
2
What is the ten thousands digit of 5344235005?
3
What is the hundred thousands digit of 19105660?
1
What is the tens digit of 97270769?
6
What is the millions digit of 108967954?
8
What is the units digit of 879743452?
2
What is the tens digit of 3338501790?
9
What is the millions digit of 3147117316?
7
What is the units digit of 35484908?
8
What is the thousands digit of 3300589281?
9
What is the hundred millions digit of 412618832?
4
What is the hundreds digit of 22727863?
8
What is the hundreds digit of 622669830?
8
What is the billions digit of 1601225647?
1
What is the tens digit of 1742763459?
5
What is the hundreds digit of 5847258?
2
What is the hundreds digit of 27226780?
7
What is the hundred millions digit of 2129110771?
1
What is the ten millions digit of 30088561?
3
What is the units digit of 80113529?
9
What is the millions digit of 278246163?
8
What is the ten millions digit of 29303777?
2
What is the ten thousands digit of 46510368?
1
What is the ten thousands digit of 881943792?
4
What is the ten thousands digit of 48247469?
4
What is the hundred millions digit of 4405459943?
4
What is the millions digit of 73276182?
3
What is the hundreds digit of 225009860?
8
What is the millions digit of 1331892030?
1
What is the ten thousands digit of 79878764?
7
What is the thousands digit of 676728213?
8
What is the tens digit of 76128786?
8
What is the hundred thousands digit of 29549092?
5
What is the hundreds digit of 600696644?
6
What is the tens digit of 3870817022?
2
What is the units digit of 87843620?
0
What is the millions digit of 110617808?
0
What is the hundred thousands digit of 4074515845?
5
What is the tens digit of 92900681?
8
What is the ten millions digit of 975394897?
7
What is the millions digit of 254206552?
4
What is the units digit of 5428589650?
0
What is the millions digit of 178778058?
8
What is the ten thousands digit of 95300068?
0
What is the thousands digit of 143571551?
1
What is the hundred thousands digit of 31466686?
4
What is the thousands digit of 38252529?
2
What is the millions digit of 25230063?
5
What is the ten thousands digit of 1356149453?
4
What is the millions digit of 608904850?
8
What is the ten millions digit of 1344633001?
4
What is the hundred millions digit of 349750164?
3
What is the hundreds digit of 220332320?
3
What is the ten millions digit of 311454072?
1
What is the ten millions digit of 10796984?
1
What is the thousands digit of 92777795?
7
What is the hundreds digit of 3203052178?
1
What is the millions digit of 49850188?
9
What is the hundreds digit of 5997788488?
4
What is the hundred millions digit of 1549773034?
5
What is the thousands digit of 49167665?
7
What is the ten millions digit of 3602589827?
0
What is the hundred millions digit of 285545860?
2
What is the ten millions digit of 2116899779?
1
What is the thousands digit of 80418646?
8
What is the ten thousands digit of 77130423?
3
What is the ten thousands digit of 41108308?
0
What is the thousands digit of 41942066?
2
What is the millions digit of 307233705?
7
What is the millions digit of 125504810?
5
What is the units digit of 435778793?
3
What is the ten millions digit of 4502520329?
0
What is the hundreds digit of 1922071832?
8
What is the ten millions digit of 363825790?
6
What is the ten millions digit of 68922258?
6
What is the ten millions digit of 102226399?
0
What is the units digit of 55146128?
8
What is the units digit of 75792051?
1
What is the hundred thousands digit of 3528264921?
2
What is the tens digit of 158429331?
3
What is the hundred thousands digit of 127379696?
3
What is the thousands digit of 162057916?
7
What is the millions digit of 55751068?
5
What is the billions digit of 1349853176?
1
What is the ten millions digit of 699044714?
9
What is the hundred millions digit of 239859684?
2
What is the hundred millions digit of 3866835888?
8
What is the ten millions digit of 59851180?
5
What is the hundred thousands digit of 30982361?
9
What is the ten millions digit of 93847018?
9
What is the tens digit of 140397346?
4
What is the tens digit of 3483938729?
2
What is the tens digit of 180983210?
1
What is the tens digit of 5733778385?
8
What is the hundreds digit of 17235516?
5
What is the hundreds digit of 1383702302?
3
What is the hundred thousands digit of 147910746?
9
What is the thousands digit of 260285980?
5
What is the units digit of 545968598?
8
What is the millions digit of 500534002?
0
What is the ten thousands digit of 31337887?
3
What is the tens digit of 1500415993?
9
What is the tens digit of 3132596429?
2
What is the thousands digit of 102375274?
5
What is the ten millions digit of 29086535?
2
What is the tens digit of 13054133?
3
What is the hundreds digit of 25232898?
8
What is the billions digit of 2631206864?
2
What is the millions digit of 618754410?
8
What is the ten thousands digit of 1606900691?
0
What is the units digit of 829942908?
8
What is the ten millions digit of 1415223563?
1
What is the hundreds digit of 344589550?
5
What is the hundreds digit of 185760?
7
What is the ten millions digit of 60037159?
6
What is the ten millions digit of 1596667690?
9
What is the thousands digit of 5255993?
5
What is the thousa